 1367, 3673
List the prime factors of 6685282.
2, 163, 20507
List the prime factors of 62491652.
2, 151, 157, 659
What are the prime factors of 220977768?
2, 3, 11, 211, 3967
What are the prime factors of 2708156476?
2, 53, 701, 18223
List the prime factors of 1778374207.
103, 17265769
What are the prime factors of 1182329837?
13, 2957, 30757
List the prime factors of 621359112.
2, 3, 11, 17, 138449
What are the prime factors of 332591190?
2, 3, 5, 233, 47581
List the prime factors of 71683396.
2, 1009, 17761
List the prime factors of 37689380.
2, 5, 1884469
List the prime factors of 266725762.
2, 19, 281, 24979
What are the prime factors of 51587463?
3, 3011, 5711
What are the prime factors of 1548444879?
3, 29, 2267, 2617
What are the prime factors of 4303600?
2, 5, 7, 29, 53
What are the prime factors of 2567228754?
2, 3, 427871459
List the prime factors of 183824560.
2, 5, 2297807
List the prime factors of 678069602.
2, 7, 193, 250951
List the prime factors of 18780007.
1013, 18539
What are the prime factors of 1019627338?
2, 8443, 60383
What are the prime factors of 2820246012?
2, 3, 811, 10733
List the prime factors of 344171476.
2, 11, 2459, 3181
List the prime factors of 44859417.
3, 137, 109147
What are the prime factors of 1115751309?
3, 1601, 232303
What are the prime factors of 54713507?
241, 227027
What are the prime factors of 558017306?
2, 7, 11, 23, 157543
List the prime factors of 146044141.
941, 155201
List the prime factors of 5159435675.
5, 29, 107, 66509
What are the prime factors of 1701754836?
2, 3, 19, 1301, 5737
What are the prime factors of 5033096029?
13, 19, 20376907
What are the prime factors of 96060963?
3, 29, 53, 83, 251
List the prime factors of 104164949.
7, 14880707
List the prime factors of 32426671.
107, 303053
What are the prime factors of 5988495?
3, 5, 71, 5623
What are the prime factors of 711248229?
3, 29, 908363
List the prime factors of 39291905.
5, 19, 193, 2143
List the prime factors of 4940517030.
2, 3, 5, 164683901
What are the prime factors of 11058234?
2, 3, 11, 131, 1279
What are the prime factors of 1959919120?
2, 5, 17, 1441117
What are the prime factors of 140281655?
5, 19, 1476649
What are the prime factors of 5683674397?
27941, 203417
What are the prime factors of 18142234?
2, 11, 824647
List the prime factors of 1663444681.
131, 12698051
What are the prime factors of 47276731?
19, 41, 60689
What are the prime factors of 2138212583?
13, 277, 593783
List the prime factors of 1212926428.
2, 7, 43318801
What are the prime factors of 61913024?
2, 967391
What are the prime factors of 69973495?
5, 13994699
What are the prime factors of 109688311?
19, 23, 251003
What are the prime factors of 7478814253?
809, 9244517
What are the prime factors of 35718236?
2, 67, 133277
What are the prime factors of 540795082?
2, 331, 816911
What are the prime factors of 50916730?
2, 5, 43, 118411
List the prime factors of 148766727.
3, 49588909
List the prime factors of 18542632.
2, 19, 43, 2837
List the prime factors of 1217870087.
7, 173981441
What are the prime factors of 286324716?
2, 3, 509, 46877
What are the prime factors of 867605523?
3, 17, 293, 58061
List the prime factors of 1082938116.
2, 3, 13, 89, 77999
List the prime factors of 60722484.
2, 3, 23, 220009
What are the prime factors of 481296865?
5, 7, 1964477
What are the prime factors of 4049621830?
2, 5, 139, 149, 19553
List the prime factors of 1892630978.
2, 7, 17, 401, 2833
List the prime factors of 291136473.
3, 53, 139, 4391
List the prime factors of 166455032.
2, 353, 58943
List the prime factors of 2521092742.
2, 7, 641, 280933
What are the prime factors of 56533271?
56533271
List the prime factors of 54562258.
2, 193, 141353
What are the prime factors of 371275674?
2, 3, 7, 11, 43, 1699
List the prime factors of 1224068097.
3, 7, 58288957
What are the prime factors of 5066772059?
263, 19265293
What are the prime factors of 2535090834?
2, 3, 6311, 66949
List the prime factors of 189570665.
5, 53, 715361
List the prime factors of 66517442.
2, 19, 1750459
List the prime factors of 651950243.
7, 31, 429197
List the prime factors of 1221868206.
2, 3, 13, 173, 10061
List the prime factors of 4225251691.
223, 733, 25849
What are the prime factors of 87200037?
3, 3229631
List the prime factors of 2612772374.
2, 61, 21416167
List the prime factors of 38002187.
23, 31, 53299
What are the prime factors of 670961091?
3, 1439, 155423
List the prime factors of 458549889.
3, 7, 3119387
What are the prime factors of 333922400?
2, 5, 7, 59629
List the prime factors of 17099433.
3, 13, 17, 8597
What are the prime factors of 6973073?
6973073
List the prime factors of 856078995.
3, 5, 241, 236813
What are the prime factors of 393072550?
2, 5, 13, 604727
List the prime factors of 41806677.
3, 11, 1266869
What are the prime factors of 241081647?
3, 101, 795649
What are the prime factors of 309234494?
2, 23, 107, 62827
What are the prime factors of 2460149588?
2, 13, 389, 121621
What are the prime factors of 200688139?
433, 463483
List the prime factors of 426652824.
2, 3, 13, 233, 5869
What are the prime factors of 596850826?
2, 11, 13, 1289, 1619
List the prime factors of 6693838153.
31, 215930263
What are the prime factors of 1270733491?
317, 587, 6829
List the prime factors of 164541597.
3, 11, 4986109
List the prime factors of 2032883381.
67, 547, 55469
List the prime factors of 140104630.
2, 5, 797, 17579
What are the prime factors of 1126764796?
2, 2861, 98459
What are the prime factors of 16689126?
2, 3, 2781521
List the prime factors of 429798334.
2, 7, 1997, 15373
List the prime factors of 37367010.
2, 3, 5, 415189
What are the prime factors of 2178063939?
3, 67, 10836139
What are the prime factors of 3285111117?
3, 211, 331, 15679
List the prime factors of 3478980403.
43, 197, 9551
What are the prime factors of 315807044?
2, 7, 31, 363833
What are the prime factors of 124015072?
2, 101, 38371
List the prime factors of 4247476559.
1297, 3274847
List the prime factors of 425789029.
425789029
List the prime factors of 3308174222.
2, 281, 479, 12289
What are the prime factors of 733867354?
2, 11, 2389, 13963
List the prime factors of 80661603.
3, 11, 2444291
What are the prime factors of 1987087890?
2, 3, 5, 2017, 32839
List the prime factors of 492855418.
2, 11, 22402519
List the prime factors of 2273716645.
5, 454743329
List the prime factors of 77675187.
3, 2411, 10739
List the prime factors of 4798030.
2, 5, 23, 907
List the prime factors of 2256278543.
223, 10117841
List the prime factors of 569927383.
139, 191, 21467
List the prime factors of 2199421330.
2, 5, 179, 347, 3541
What are the prime factors of 752743048?
2, 5657, 16633
What are the prime factors of 1068405281?
1068405281
List the prime factors of 434545041.
3, 7, 17, 1217213
What are the prime factors of 51307536?
2, 3, 7, 311, 491
List the prime factors of 887491860.
2, 3, 5, 14791531
List the prime factors of 1268553122.
2, 233, 677, 4021
List the prime factors of 3096639502.
2, 11, 61, 209771
What are the prime factors of 52846461?
3, 5871829
What are the prime factors of 2900653340?
2, 5, 13, 101, 110459
What are the prime factors of 5281597497?
3, 11, 160048409
What are the prime factors of 126704325?
3, 5, 11, 109, 1409
List the prime factors of 490091795.
5, 19, 47, 53, 109
What are the prime factors of 53678890?
2, 5, 5367889
What are the prime factors of 412556937?
3, 13, 19, 29303
List the prime factors of 72737021.
7, 239, 6211
What are the prime factors of 1675031841?
3, 7, 1601, 16607
What are the prime factors of 6356271693?
3, 2118757231
What are the prime factors of 1555252365?
3, 5, 607, 170813
What are the prime factors of 655382243?
11783, 55621
What are the prime factors of 1166708397?
3, 1699, 228901
What are the prime factors of 124905031?
19, 6573949
What are the prime factors of 3619374990?
2, 3, 5, 7, 11, 23, 563
List the prime factors of 10676306.
2, 17, 101, 3109
What are the prime factors of 163125847?
509, 320483
What are the prime factors of 1508535457?
11, 13, 19, 555221
List the prime factors of 230768857.
11, 20978987
List the prime factors of 433538351.
5233, 82847
List the prime factors of 216372064.
2, 31, 218117
List the prime factors of 49695549